 -4*b = 16, 23 = 3*n + 4*b - 3. Calculate the highest common divisor of n and 28.
14
Let s(n) = 3*n + 6. Let l be s(5). What is the highest common factor of 147 and l?
21
Let y be 2808/63 + 3/7. Let a = 66 - y. Calculate the greatest common divisor of a and 14.
7
Let f = -238 + 597. Let y be 2/(-6) - f/3. Let u be 1*(-1 - (y - 2)). Calculate the highest common divisor of u and 11.
11
Let u be (-4)/(-18) + (-70)/(-9). Let r be 21 + -2*1 + 2. Suppose 0*m - 5*m + 4*q = -60, -q + r = m. Calculate the highest common divisor of u and m.
8
Let w(y) = 6*y - 4. Let h be w(4). Let j be 30/4 - (2/(-4))/1. Calculate the highest common divisor of j and h.
4
Let p(u) = 4*u + 74. Let d be p(-5). Calculate the greatest common factor of 594 and d.
54
Let r be (-18)/(-5*(-2)/15). Let x = -9 - r. Let g be 108/2*(-6)/(-9). Calculate the greatest common divisor of g and x.
18
Let w be -4*(-2 - 314/8). Calculate the greatest common divisor of 15 and w.
15
Suppose g - 4*k + 212 = 2*g, 5*g - 1123 = k. Let a be (-83)/(-3) + (-2)/(-6). What is the highest common divisor of g and a?
28
Suppose j + 4*j = 15. Suppose -j*o - 3 = -12. Let p be (32/(-10))/(o/(-15)). Calculate the highest common divisor of 16 and p.
16
Let w(l) = l. Let z(u) = -u**3 - 9*u**2 - 9*u + 7. Let d(r) = -3*w(r) - z(r). Let g be d(-8). What is the highest common divisor of 81 and g?
9
Let g = -20 + 31. What is the greatest common divisor of 11 and g?
11
Suppose v - 78 = -v. What is the greatest common divisor of 156 and v?
39
Let r be 1/(24/(-9) + 3). What is the highest common factor of 3 and r?
3
Suppose -5*i + 960 = i. Calculate the highest common factor of 20 and i.
20
Let p = -2 - -16. Calculate the highest common factor of 70 and p.
14
Suppose 0 = -2*y - 3*z + 4 + 1, -3 = 2*y - 5*z. Let p = y + 17. Suppose 0 = -2*f + 4*f - 24. Calculate the highest common factor of f and p.
6
Let u(g) = 4*g**2 - 2*g + 2. Suppose 3*d = -5*t - 12, -11 = 2*t - d - 4. Let k be u(t). Calculate the greatest common divisor of k and 11.
11
Suppose 3*y - 68 = 4*k, y = 4*k - 25 + 85. Let j be (-788)/k + 4/(-14). Suppose 40 = -148*r + 153*r. What is the highest common divisor of r and j?
8
Suppose 5*w - 2*o + 36 = -4*o, 4*w + 5*o + 39 = 0. Let k be (w - 2)*(-6)/4. Let u be (20/30)/(1/90). Calculate the highest common divisor of u and k.
12
Let a be (24/(4/1))/(3/32). Calculate the highest common factor of 8 and a.
8
Suppose 5*j + d = 86, 0 = 3*j + 5*d - 51 - 5. Calculate the highest common factor of j and 17.
17
Suppose 5*z + 5*j - 63 = 27, 3*z + 5*j - 54 = 0. Calculate the highest common factor of z and 27.
9
Suppose -4*o + 5*n + 35 = 0, -25 = -o - 2*n - 0*n. Let z(g) = g**3 - 2*g - 4*g**3 + g - g**2. Let l be z(-1). Calculate the greatest common divisor of l and o.
3
Suppose -2*n = -2*r, 5*r - 20 = -n - 4*n. Suppose 5*i = 2*f + 17, r*i = 4*f - f - 2. What is the highest common divisor of f and 20?
4
Let c be 2*(1 + 15)*2. Let b = -2 - -4. Suppose -3*z - 22 = -2*l + b*z, -l + 6 = -5*z. Calculate the greatest common factor of c and l.
16
Let a be 1/2*-2 + 0. Let o be a - (-1)/((-3)/(-213)). Suppose l = -0*l + o. Calculate the greatest common divisor of 10 and l.
10
Suppose 15*t = 13*t + 8. Calculate the highest common divisor of 4 and t.
4
Suppose -5*h + 20 = -5*a, -3 = 5*a + 7. Calculate the greatest common factor of 10 and h.
2
Let q = 228 + -111. Calculate the greatest common divisor of q and 13.
13
Let k(p) = 3*p**2 - 5*p + 2. Let a be 44/12 - (-4)/(-6). Let d be k(a). What is the highest common factor of d and 70?
14
Let h(z) = z**3 + z**2 + 4. Let p be h(0). Calculate the greatest common factor of 16 and p.
4
Suppose -1309 = -29*a + 22*a. What is the highest common factor of 17 and a?
17
Let o be -2 + 4 + 79 + 0. Calculate the highest common factor of 9 and o.
9
Let d(m) = 2*m + 6. Let a be d(8). What is the greatest common factor of 55 and a?
11
Let q(r) = -2*r - 5. Let u be q(-7). Let l = u - 4. Suppose 87 + 38 = l*m. What is the greatest common factor of m and 10?
5
Let p(h) = h**2 + h + 4. Let w be p(3). Suppose 0 = c - w + 1. What is the highest common divisor of c and 5?
5
Suppose 3*h = -4*z + 387, 4*z = 5*z + 3*h - 99. What is the highest common factor of z and 12?
12
Suppose 78 - 92 = -2*z. What is the greatest common factor of 63 and z?
7
Let q(w) = -5*w + w**2 + 1 + 5 + w**3 + w. Let b be q(4). What is the highest common factor of 14 and b?
14
Let r(t) = -t**3 - 4*t**2 + 4*t + 4. Let k be r(-5). Let v = 24 - -39. Calculate the greatest common divisor of v and k.
9
Let f be (2 + -4 - (-1 + 48))*-1. What is the greatest common divisor of 7 and f?
7
Suppose -4*x = 10 + 62. Let w be (x + (0 - 0))/(-2). Calculate the highest common divisor of 27 and w.
9
Let y = -8 + 10. Suppose 0 = 2*l - 3*r - 43, 3*l - 5*r - 57 = -y*r. Calculate the highest common factor of l and 21.
7
Suppose -13 = -5*v + 62. What is the greatest common factor of 10 and v?
5
Let p = 6 + 0. What is the highest common divisor of 4 and p?
2
Let a = 77 + -38. What is the highest common divisor of a and 26?
13
Let o = -90 + 155. Let y be ((-2)/(-6))/(4/72). Suppose 0 = -y*s + 2*s + 104. Calculate the greatest common factor of o and s.
13
Let b = -14 + 29. Suppose 9 = s - b. Let w = 82 - 46. What is the highest common factor of w and s?
12
Let f(l) = 4 + l + 4 + 3. Let z be f(-11). Suppose z = 3*c - 54 - 0. Calculate the greatest common factor of 18 and c.
18
Let v(z) = -2*z**3 - z**2 + z - 3. Let c be v(-3). What is the highest common factor of 65 and c?
13
Let h(b) = -b**3 + 8*b**2 - 12*b - 8. Let w be h(5). Suppose -5*n + 52 = 3*f, -4*n + 80 = 5*f + n. Calculate the greatest common divisor of f and w.
7
Let d(s) = -s**3 + 13*s**2 - 9*s - 28. Let r be d(12). Let f = 9 + 7. What is the greatest common factor of f and r?
8
Let b be -51*(-3 - (-32)/12). What is the highest common divisor of b and 34?
17
Suppose -4*z + 2*z + 38 = 0. Let g = z - 1. Let x(f) = -f**2 + 7*f - 4. Let h be x(5). Calculate the highest common factor of g and h.
6
Let g = 0 + 20. Suppose -3*c = -2*c - g. Calculate the greatest common factor of c and 5.
5
Let v = 8 - 5. Suppose -2*f + 7 = -v. Calculate the highest common divisor of f and 2.
1
Suppose 2*p = 4 + 4. Suppose p*f + z + 7 = 0, 3*z + 14 = -2*f + 3. Let g be (-1)/(f - 22/(-24)). What is the greatest common factor of g and 8?
4
Let d(b) = 6*b. Let m be d(1). Calculate the highest common divisor of 18 and m.
6
Suppose 0 = -5*g + u + 10, 5*g = 3*g + 3*u - 9. Let o(d) = -1 - 1 + 4*d - g. Let x be o(5). Calculate the highest common divisor of 30 and x.
15
Let x be (-3)/4*8/(-2). Suppose 5*q - 2*q = -3*h + 39, 0 = x*q - 4*h - 11. Suppose r + 4*r = 15. What is the greatest common divisor of q and r?
3
Let j = 130 + -60. Calculate the greatest common divisor of j and 28.
14
Suppose 0*q + 52 = 4*f + 2*q, q = f - 13. Calculate the highest common divisor of f and 117.
13
Let g(h) = h**2 + 11*h + 13. Let u be g(-9). Let s = 26 - u. Calculate the greatest common divisor of 217 and s.
31
Suppose 0 = -2*q - 2*m - 2*m - 10, -5*q = 2*m - 7. Suppose -q*x = -4*x - 1. Let g be 3/(-4 - x)*-13. What is the highest common divisor of 26 and g?
13
Suppose z - 4*k - 4 = -2, 5*k = 2*z - 13. What is the highest common factor of z and 112?
14
Suppose 3*z + 2*n - 84 = 11, n = -4*z + 135. Let v be 16/3 - (-1)/(-3). Calculate the highest common divisor of z and v.
5
Suppose -32 = 3*n + n. Let v(i) = i**2 + 7*i + 3. Let y be v(n). Calculate the highest common divisor of y and 55.
11
Suppose 0 = -2*c + 15 - 3. Suppose 0 = s - c*s + 120. Suppose 0 = -4*w - w + 60. What is the highest common factor of s and w?
12
Let h(x) = 3*x + 6. Let z be h(7). Let v be 160/9 - (-6)/z. Calculate the highest common factor of v and 126.
18
Let y(p) = p**3 + 11*p**2 - 2*p - 7. Let g be y(-11). Let z be (8/10)/((-2)/g). Let t be z/2*(-10 - 3). What is the highest common factor of 13 and t?
13
Let r = 69 + 120. What is the greatest common factor of 21 and r?
21
Let k be 0/(-14) + (0/(-2) - -26). Suppose -187 = -3*o + 8. Calculate the highest common factor of o and k.
13
Let m(p) be the second derivative of p**4/12 - 7*p**3/6 + 17*p**2/2 + 6*p. Let c be m(7). What is the highest common factor of 119 and c?
17
Suppose 2*d + 2*d = 136. Let s = d - 16. What is the great